{"id":10010,"date":"2024-06-17T17:58:19","date_gmt":"2024-06-17T17:58:19","guid":{"rendered":"https:\/\/web.montes.upm.es\/?page_id=10010"},"modified":"2025-01-23T07:52:53","modified_gmt":"2025-01-23T07:52:53","slug":"ofertas-tft","status":"publish","type":"page","link":"https:\/\/web.montes.upm.es\/?page_id=10010","title":{"rendered":"Ofertas TFT"},"content":{"rendered":"\t\t<div data-elementor-type=\"wp-page\" data-elementor-id=\"10010\" class=\"elementor elementor-10010\" data-elementor-post-type=\"page\">\n\t\t\t\t\t\t<section class=\"elementor-section elementor-top-section elementor-element elementor-element-14e2ea5 elementor-section-boxed elementor-section-height-default elementor-section-height-default exad-glass-effect-no exad-sticky-section-no\" data-id=\"14e2ea5\" data-element_type=\"section\">\n\t\t\t\t\t\t<div class=\"elementor-container elementor-column-gap-default\">\n\t\t\t\t\t<div class=\"elementor-column elementor-col-100 elementor-top-column elementor-element elementor-element-9dd80d4 exad-glass-effect-no exad-sticky-section-no\" data-id=\"9dd80d4\" data-element_type=\"column\">\n\t\t\t<div class=\"elementor-widget-wrap elementor-element-populated\">\n\t\t\t\t\t\t<div class=\"elementor-element elementor-element-d297b80 exad-sticky-section-no exad-glass-effect-no elementor-widget elementor-widget-heading\" data-id=\"d297b80\" data-element_type=\"widget\" data-widget_type=\"heading.default\">\n\t\t\t\t<div class=\"elementor-widget-container\">\n\t\t\t<style>\/*! elementor - v3.19.0 - 29-01-2024 *\/\n.elementor-heading-title{padding:0;margin:0;line-height:1}.elementor-widget-heading .elementor-heading-title[class*=elementor-size-]>a{color:inherit;font-size:inherit;line-height:inherit}.elementor-widget-heading .elementor-heading-title.elementor-size-small{font-size:15px}.elementor-widget-heading .elementor-heading-title.elementor-size-medium{font-size:19px}.elementor-widget-heading .elementor-heading-title.elementor-size-large{font-size:29px}.elementor-widget-heading .elementor-heading-title.elementor-size-xl{font-size:39px}.elementor-widget-heading .elementor-heading-title.elementor-size-xxl{font-size:59px}<\/style><h2 class=\"elementor-heading-title elementor-size-default\">Ofertas de Trabajos Fin de Titulaci\u00f3n<\/h2>\t\t<\/div>\n\t\t\t\t<\/div>\n\t\t\t\t\t<\/div>\n\t\t<\/div>\n\t\t\t\t\t<\/div>\n\t\t<\/section>\n\t\t\t\t<section class=\"elementor-section elementor-top-section elementor-element elementor-element-5754615 elementor-section-boxed elementor-section-height-default elementor-section-height-default exad-glass-effect-no exad-sticky-section-no\" data-id=\"5754615\" data-element_type=\"section\">\n\t\t\t\t\t\t<div class=\"elementor-container elementor-column-gap-default\">\n\t\t\t\t\t<div class=\"elementor-column elementor-col-100 elementor-top-column elementor-element elementor-element-d2b9437 exad-glass-effect-no exad-sticky-section-no\" data-id=\"d2b9437\" data-element_type=\"column\">\n\t\t\t<div class=\"elementor-widget-wrap elementor-element-populated\">\n\t\t\t\t\t\t<div class=\"elementor-element elementor-element-fb203ea exad-sticky-section-no exad-glass-effect-no elementor-widget elementor-widget-spacer\" data-id=\"fb203ea\" data-element_type=\"widget\" data-widget_type=\"spacer.default\">\n\t\t\t\t<div class=\"elementor-widget-container\">\n\t\t\t<style>\/*! elementor - v3.19.0 - 29-01-2024 *\/\n.elementor-column .elementor-spacer-inner{height:var(--spacer-size)}.e-con{--container-widget-width:100%}.e-con-inner>.elementor-widget-spacer,.e-con>.elementor-widget-spacer{width:var(--container-widget-width,var(--spacer-size));--align-self:var(--container-widget-align-self,initial);--flex-shrink:0}.e-con-inner>.elementor-widget-spacer>.elementor-widget-container,.e-con>.elementor-widget-spacer>.elementor-widget-container{height:100%;width:100%}.e-con-inner>.elementor-widget-spacer>.elementor-widget-container>.elementor-spacer,.e-con>.elementor-widget-spacer>.elementor-widget-container>.elementor-spacer{height:100%}.e-con-inner>.elementor-widget-spacer>.elementor-widget-container>.elementor-spacer>.elementor-spacer-inner,.e-con>.elementor-widget-spacer>.elementor-widget-container>.elementor-spacer>.elementor-spacer-inner{height:var(--container-widget-height,var(--spacer-size))}.e-con-inner>.elementor-widget-spacer.elementor-widget-empty,.e-con>.elementor-widget-spacer.elementor-widget-empty{position:relative;min-height:22px;min-width:22px}.e-con-inner>.elementor-widget-spacer.elementor-widget-empty .elementor-widget-empty-icon,.e-con>.elementor-widget-spacer.elementor-widget-empty .elementor-widget-empty-icon{position:absolute;top:0;bottom:0;left:0;right:0;margin:auto;padding:0;width:22px;height:22px}<\/style>\t\t<div class=\"elementor-spacer\">\n\t\t\t<div class=\"elementor-spacer-inner\"><\/div>\n\t\t<\/div>\n\t\t\t\t<\/div>\n\t\t\t\t<\/div>\n\t\t\t\t\t<\/div>\n\t\t<\/div>\n\t\t\t\t\t<\/div>\n\t\t<\/section>\n\t\t\t\t<section class=\"elementor-section elementor-top-section elementor-element elementor-element-3efa687 elementor-section-boxed elementor-section-height-default elementor-section-height-default exad-glass-effect-no exad-sticky-section-no\" data-id=\"3efa687\" data-element_type=\"section\">\n\t\t\t\t\t\t<div class=\"elementor-container elementor-column-gap-default\">\n\t\t\t\t\t<div class=\"elementor-column elementor-col-100 elementor-top-column elementor-element elementor-element-15905c1 exad-glass-effect-no exad-sticky-section-no\" data-id=\"15905c1\" data-element_type=\"column\">\n\t\t\t<div class=\"elementor-widget-wrap elementor-element-populated\">\n\t\t\t\t\t\t<div class=\"elementor-element elementor-element-73bbeee exad-sticky-section-no exad-glass-effect-no elementor-widget elementor-widget-accordion\" data-id=\"73bbeee\" data-element_type=\"widget\" data-widget_type=\"accordion.default\">\n\t\t\t\t<div class=\"elementor-widget-container\">\n\t\t\t<style>.elementor-accordion{text-align:left}.elementor-accordion .elementor-accordion-item{border:1px solid #d5d8dc}.elementor-accordion .elementor-accordion-item+.elementor-accordion-item{border-top:none}.elementor-accordion .elementor-tab-title{margin:0;padding:15px 20px;font-weight:700;line-height:1;cursor:pointer;outline:none}.elementor-accordion .elementor-tab-title .elementor-accordion-icon{display:inline-block;width:1.5em}.elementor-accordion .elementor-tab-title .elementor-accordion-icon svg{width:1em;height:1em}.elementor-accordion .elementor-tab-title .elementor-accordion-icon.elementor-accordion-icon-right{float:right;text-align:right}.elementor-accordion .elementor-tab-title .elementor-accordion-icon.elementor-accordion-icon-left{float:left;text-align:left}.elementor-accordion .elementor-tab-title .elementor-accordion-icon .elementor-accordion-icon-closed{display:block}.elementor-accordion .elementor-tab-title .elementor-accordion-icon .elementor-accordion-icon-opened,.elementor-accordion .elementor-tab-title.elementor-active .elementor-accordion-icon-closed{display:none}.elementor-accordion .elementor-tab-title.elementor-active .elementor-accordion-icon-opened{display:block}.elementor-accordion .elementor-tab-content{display:none;padding:15px 20px;border-top:1px solid #d5d8dc}@media (max-width:767px){.elementor-accordion .elementor-tab-title{padding:12px 15px}.elementor-accordion .elementor-tab-title .elementor-accordion-icon{width:1.2em}.elementor-accordion .elementor-tab-content{padding:7px 15px}}.e-con-inner>.elementor-widget-accordion,.e-con>.elementor-widget-accordion{width:var(--container-widget-width);--flex-grow:var(--container-widget-flex-grow)}<\/style>\t\t<div class=\"elementor-accordion\">\n\t\t\t\t\t\t\t<div class=\"elementor-accordion-item\">\n\t\t\t\t\t<div id=\"elementor-tab-title-1211\" class=\"elementor-tab-title\" data-tab=\"1\" role=\"button\" aria-controls=\"elementor-tab-content-1211\" aria-expanded=\"false\">\n\t\t\t\t\t\t\t\t\t\t\t\t\t<span class=\"elementor-accordion-icon elementor-accordion-icon-left\" aria-hidden=\"true\">\n\t\t\t\t\t\t\t\t\t\t\t\t\t\t\t<span class=\"elementor-accordion-icon-closed\"><i class=\"fas fa-plus\"><\/i><\/span>\n\t\t\t\t\t\t\t\t<span class=\"elementor-accordion-icon-opened\"><i class=\"fas fa-minus\"><\/i><\/span>\n\t\t\t\t\t\t\t\t\t\t\t\t\t\t<\/span>\n\t\t\t\t\t\t\t\t\t\t\t\t<a class=\"elementor-accordion-title\" tabindex=\"0\">An\u00e1lisis de los riesgos asociados al Cambio Clim\u00e1tico en la E.T.S.I. de Montes, Forestal y del Medio Natural<\/a>\n\t\t\t\t\t<\/div>\n\t\t\t\t\t<div id=\"elementor-tab-content-1211\" class=\"elementor-tab-content elementor-clearfix\" data-tab=\"1\" role=\"region\" aria-labelledby=\"elementor-tab-title-1211\"><p style=\"padding-left: 40px;\">Contacto:<br \/>AGUSTIN RUBIO S\u00c1NCHEZ- agustin.rubio@upm.es<\/p><\/div>\n\t\t\t\t<\/div>\n\t\t\t\t\t\t\t<div class=\"elementor-accordion-item\">\n\t\t\t\t\t<div id=\"elementor-tab-title-1212\" class=\"elementor-tab-title\" data-tab=\"2\" role=\"button\" aria-controls=\"elementor-tab-content-1212\" aria-expanded=\"false\">\n\t\t\t\t\t\t\t\t\t\t\t\t\t<span class=\"elementor-accordion-icon elementor-accordion-icon-left\" aria-hidden=\"true\">\n\t\t\t\t\t\t\t\t\t\t\t\t\t\t\t<span class=\"elementor-accordion-icon-closed\"><i class=\"fas fa-plus\"><\/i><\/span>\n\t\t\t\t\t\t\t\t<span class=\"elementor-accordion-icon-opened\"><i class=\"fas fa-minus\"><\/i><\/span>\n\t\t\t\t\t\t\t\t\t\t\t\t\t\t<\/span>\n\t\t\t\t\t\t\t\t\t\t\t\t<a class=\"elementor-accordion-title\" tabindex=\"0\">Cuantificaci\u00f3n de la Huella de Carbono de las actividades de investigaci\u00f3n en el Monte de Arbancones (Guadalajara)<\/a>\n\t\t\t\t\t<\/div>\n\t\t\t\t\t<div id=\"elementor-tab-content-1212\" class=\"elementor-tab-content elementor-clearfix\" data-tab=\"2\" role=\"region\" aria-labelledby=\"elementor-tab-title-1212\"><p style=\"padding-left: 40px;\">Contacto:<br \/>AGUSTIN RUBIO S\u00c1NCHEZ- agustin.rubio@upm.es<\/p><\/div>\n\t\t\t\t<\/div>\n\t\t\t\t\t\t\t<div class=\"elementor-accordion-item\">\n\t\t\t\t\t<div id=\"elementor-tab-title-1213\" class=\"elementor-tab-title\" data-tab=\"3\" role=\"button\" aria-controls=\"elementor-tab-content-1213\" aria-expanded=\"false\">\n\t\t\t\t\t\t\t\t\t\t\t\t\t<span class=\"elementor-accordion-icon elementor-accordion-icon-left\" aria-hidden=\"true\">\n\t\t\t\t\t\t\t\t\t\t\t\t\t\t\t<span class=\"elementor-accordion-icon-closed\"><i class=\"fas fa-plus\"><\/i><\/span>\n\t\t\t\t\t\t\t\t<span class=\"elementor-accordion-icon-opened\"><i class=\"fas fa-minus\"><\/i><\/span>\n\t\t\t\t\t\t\t\t\t\t\t\t\t\t<\/span>\n\t\t\t\t\t\t\t\t\t\t\t\t<a class=\"elementor-accordion-title\" tabindex=\"0\">Estudio de los Stocks de Carbono en suelos de repoblaciones de Pinus pinaster sometidos a diferentes intervenciones selv\u00edcolas<\/a>\n\t\t\t\t\t<\/div>\n\t\t\t\t\t<div id=\"elementor-tab-content-1213\" class=\"elementor-tab-content elementor-clearfix\" data-tab=\"3\" role=\"region\" aria-labelledby=\"elementor-tab-title-1213\"><p style=\"padding-left: 40px;\">Contacto:<br \/>AGUSTIN RUBIO S\u00c1NCHEZ- agustin.rubio@upm.es<\/p><\/div>\n\t\t\t\t<\/div>\n\t\t\t\t\t\t\t<div class=\"elementor-accordion-item\">\n\t\t\t\t\t<div id=\"elementor-tab-title-1214\" class=\"elementor-tab-title\" data-tab=\"4\" role=\"button\" aria-controls=\"elementor-tab-content-1214\" aria-expanded=\"false\">\n\t\t\t\t\t\t\t\t\t\t\t\t\t<span class=\"elementor-accordion-icon elementor-accordion-icon-left\" aria-hidden=\"true\">\n\t\t\t\t\t\t\t\t\t\t\t\t\t\t\t<span class=\"elementor-accordion-icon-closed\"><i class=\"fas fa-plus\"><\/i><\/span>\n\t\t\t\t\t\t\t\t<span class=\"elementor-accordion-icon-opened\"><i class=\"fas fa-minus\"><\/i><\/span>\n\t\t\t\t\t\t\t\t\t\t\t\t\t\t<\/span>\n\t\t\t\t\t\t\t\t\t\t\t\t<a class=\"elementor-accordion-title\" tabindex=\"0\">Dise\u00f1o de un protocolo de gesti\u00f3n y reciclaje de residuos pl\u00e1sticos para la fabricaci\u00f3n de bloques de pavimento o construcci\u00f3n en la comunidad de Nikki, Ben\u00edn - Oferta de TFT en cooperaci\u00f3n internacional<\/a>\n\t\t\t\t\t<\/div>\n\t\t\t\t\t<div id=\"elementor-tab-content-1214\" class=\"elementor-tab-content elementor-clearfix\" data-tab=\"4\" role=\"region\" aria-labelledby=\"elementor-tab-title-1214\"><p>Objetivos:<br \/>1. Plantear un enfoque realista y sostenible del proyecto en Nikki, junto a los compa\u00f1eros contratados de Benin, para lo cual har\u00e1 falta una coordinaci\u00f3n (v\u00eda whatsapp y meet) en reuniones que aproximen visiones para acotar la realidad del proyecto para recogida y tratamiento de residuos urbanos en la poblaci\u00f3n de Nikki.<br \/>2. Realizaci\u00f3n de ensayos de fabricaci\u00f3n de bloques de pavimento o construcci\u00f3n utilizando pl\u00e1stico desechado de bolsas. Estos experimentos servir\u00e1n de prueba piloto para despu\u00e9s desarrollarlo de manera masiva en Nikki, dise\u00f1ando un protocolo, instrucciones y metodolog\u00eda para llegar a un producto final satisfactorio.<br \/>3. Prueba de viabilidad del proyecto en terreno y formaci\u00f3n al personal local para su realizaci\u00f3n.<\/p><p style=\"padding-left: 40px;\">Contacto:<br \/>FERNANDO S\u00c1NCHEZ IGLESIAS &#8211; f.sanchez.iglesias@upm.es<br \/>MAR\u00cdA JES\u00daS GARC\u00cdA GARC\u00cdA &#8211; mariajesus.garcia.garcia@upm.es<\/p><\/div>\n\t\t\t\t<\/div>\n\t\t\t\t\t\t\t<div class=\"elementor-accordion-item\">\n\t\t\t\t\t<div id=\"elementor-tab-title-1215\" class=\"elementor-tab-title\" data-tab=\"5\" role=\"button\" aria-controls=\"elementor-tab-content-1215\" aria-expanded=\"false\">\n\t\t\t\t\t\t\t\t\t\t\t\t\t<span class=\"elementor-accordion-icon elementor-accordion-icon-left\" aria-hidden=\"true\">\n\t\t\t\t\t\t\t\t\t\t\t\t\t\t\t<span class=\"elementor-accordion-icon-closed\"><i class=\"fas fa-plus\"><\/i><\/span>\n\t\t\t\t\t\t\t\t<span class=\"elementor-accordion-icon-opened\"><i class=\"fas fa-minus\"><\/i><\/span>\n\t\t\t\t\t\t\t\t\t\t\t\t\t\t<\/span>\n\t\t\t\t\t\t\t\t\t\t\t\t<a class=\"elementor-accordion-title\" tabindex=\"0\">Mejora del acceso a agua potable de Nikki, Ben\u00edn, mediante el diagn\u00f3stico de su calidad -  Oferta de TFT on cooperaci\u00f3n internacional<\/a>\n\t\t\t\t\t<\/div>\n\t\t\t\t\t<div id=\"elementor-tab-content-1215\" class=\"elementor-tab-content elementor-clearfix\" data-tab=\"5\" role=\"region\" aria-labelledby=\"elementor-tab-title-1215\"><p>Objetivos:<br \/>1. Evaluaci\u00f3n de indicadores f\u00edsico -qu\u00edmicos de calidad de agua mediante muestreo y an\u00e1lisis de resultados en la comunidad de Nikki y alrededores.<br \/>2. Evaluaci\u00f3n de indicadores microbiol\u00f3gicos de calidad de agua mediante muestreo y an\u00e1lisis de resultados en la comunidad de Nikki y alrededores.<br \/>3. Seguimiento del mantenimiento de puntos de agua de la regi\u00f3n.<br \/>4. Elaboraci\u00f3n y mejora de la cartograf\u00eda tem\u00e1tica de recursos h\u00eddricos y su calidad que sirva como apoyo en la generaci\u00f3n de una plataforma online con capacidades geom\u00e1ticas para la integraci\u00f3n en un sistema \u00fanico de informaci\u00f3n.<\/p><p style=\"padding-left: 40px;\">Contacto:<br \/>FERNANDO S\u00c1NCHEZ IGLESIAS &#8211; f.sanchez.iglesias@upm.es<br \/>MAR\u00cdA JES\u00daS GARC\u00cdA GARC\u00cdA &#8211; mariajesus.garcia.garcia@upm.es<\/p><\/div>\n\t\t\t\t<\/div>\n\t\t\t\t\t\t\t<div class=\"elementor-accordion-item\">\n\t\t\t\t\t<div id=\"elementor-tab-title-1216\" class=\"elementor-tab-title\" data-tab=\"6\" role=\"button\" aria-controls=\"elementor-tab-content-1216\" aria-expanded=\"false\">\n\t\t\t\t\t\t\t\t\t\t\t\t\t<span class=\"elementor-accordion-icon elementor-accordion-icon-left\" aria-hidden=\"true\">\n\t\t\t\t\t\t\t\t\t\t\t\t\t\t\t<span class=\"elementor-accordion-icon-closed\"><i class=\"fas fa-plus\"><\/i><\/span>\n\t\t\t\t\t\t\t\t<span class=\"elementor-accordion-icon-opened\"><i class=\"fas fa-minus\"><\/i><\/span>\n\t\t\t\t\t\t\t\t\t\t\t\t\t\t<\/span>\n\t\t\t\t\t\t\t\t\t\t\t\t<a class=\"elementor-accordion-title\" tabindex=\"0\">Proyecto de paisajismo: Trasnsformaci\u00f3n a xerojardiner\u00eda de una parcela residencial en Huelva<\/a>\n\t\t\t\t\t<\/div>\n\t\t\t\t\t<div id=\"elementor-tab-content-1216\" class=\"elementor-tab-content elementor-clearfix\" data-tab=\"6\" role=\"region\" aria-labelledby=\"elementor-tab-title-1216\"><p>Objetivo:<\/p><ol><li>Estudio del estado actual de la lfinca y de las limitaciones de agua y clima.<\/li><li>Elaboraci\u00f3n de listados de especies comerciales que respondan a las necesidades.<\/li><li>Propuesta de alternativas de dise\u00f1o adaptado a las preferencias del promotor.<\/li><li>Redacci\u00f3n de proyecto de ejecuci\u00f3n de la propuesta elegida (material vegetal y obra civil, sin instalaciones).<\/li><\/ol><p>Este proyecto te propone dos retos:<\/p><ul><li>Encontrar especies sostenibles adaptadas a condiciones extremas de disponibilidad de agua en un clima mar\u00edtimo templado.<\/li><li>Elaborar un dise\u00f1o adaptado a las\u00a0 preferencias del promotor real.<\/li><\/ul><p>M\u00e1s informaci\u00f3n:<\/p><ul><li>mariajesus.garcia@upm.es (ETSI Montes, Forestal y del Medio Natural)<\/li><li>concepci\u00f3n.gonz\u00e1lez@upm.es (ETSI Montes, Forestal y del Medio Natural)<\/li><\/ul><\/div>\n\t\t\t\t<\/div>\n\t\t\t\t\t\t\t<div class=\"elementor-accordion-item\">\n\t\t\t\t\t<div id=\"elementor-tab-title-1217\" class=\"elementor-tab-title\" data-tab=\"7\" role=\"button\" aria-controls=\"elementor-tab-content-1217\" aria-expanded=\"false\">\n\t\t\t\t\t\t\t\t\t\t\t\t\t<span class=\"elementor-accordion-icon elementor-accordion-icon-left\" aria-hidden=\"true\">\n\t\t\t\t\t\t\t\t\t\t\t\t\t\t\t<span class=\"elementor-accordion-icon-closed\"><i class=\"fas fa-plus\"><\/i><\/span>\n\t\t\t\t\t\t\t\t<span class=\"elementor-accordion-icon-opened\"><i class=\"fas fa-minus\"><\/i><\/span>\n\t\t\t\t\t\t\t\t\t\t\t\t\t\t<\/span>\n\t\t\t\t\t\t\t\t\t\t\t\t<a class=\"elementor-accordion-title\" tabindex=\"0\">An\u00e1lisis morfom\u00e9trico de la cornamenta de mufl\u00f3n (Ovis aries Linnaeus, 1758) mediante fotogrametr\u00eda digital<\/a>\n\t\t\t\t\t<\/div>\n\t\t\t\t\t<div id=\"elementor-tab-content-1217\" class=\"elementor-tab-content elementor-clearfix\" data-tab=\"7\" role=\"region\" aria-labelledby=\"elementor-tab-title-1217\"><p>Las t\u00e9cnicas de fotogrametr\u00eda permiten la obtenci\u00f3n de modelos tridimensional del individuo seleccionado con un alto grado de detalle, permitiendo analizar digitalmente individuos que por su tama\u00f1o o forma son complicados de manipular. Su aplicaci\u00f3n puede ser relevante en trabajos comparativos de corolog\u00eda y an\u00e1lisis morfom\u00e9tricos, dado su grado de detalle y reproducibilidad de los resultados. El objetivo de este trabajo ser\u00e1 aplicar la fotogrametr\u00eda digital sobre una cabeza de mufl\u00f3n, realizar un modelo tridimensional y llevar a cabo el an\u00e1lisis morfom\u00e9trico y colorim\u00e9trico de la misma.<\/p><p>Fechas: El comienzo es inmediato, con la intenci\u00f3n de que finalice durante el curso 2024\/2025.<\/p><p>Requisitos: estudiante motivado, trabajador, responsable y recomendable que le guste la fotograf\u00eda.<\/p><p>Las personas interesadas deben contactar con el profesor Roberto Rodr\u00edguez-Solano (Topograf\u00eda) roberto.rodriguezsolano@upm.es o Rafael Alcal\u00e1 (Zoolog\u00eda) rafael.alcala.herra@upm.es<\/p><\/div>\n\t\t\t\t<\/div>\n\t\t\t\t\t\t\t<div class=\"elementor-accordion-item\">\n\t\t\t\t\t<div id=\"elementor-tab-title-1218\" class=\"elementor-tab-title\" data-tab=\"8\" role=\"button\" aria-controls=\"elementor-tab-content-1218\" aria-expanded=\"false\">\n\t\t\t\t\t\t\t\t\t\t\t\t\t<span class=\"elementor-accordion-icon elementor-accordion-icon-left\" aria-hidden=\"true\">\n\t\t\t\t\t\t\t\t\t\t\t\t\t\t\t<span class=\"elementor-accordion-icon-closed\"><i class=\"fas fa-plus\"><\/i><\/span>\n\t\t\t\t\t\t\t\t<span class=\"elementor-accordion-icon-opened\"><i class=\"fas fa-minus\"><\/i><\/span>\n\t\t\t\t\t\t\t\t\t\t\t\t\t\t<\/span>\n\t\t\t\t\t\t\t\t\t\t\t\t<a class=\"elementor-accordion-title\" tabindex=\"0\">Caracterizaci\u00f3n de la heterogeneidad estructural mediante L\u00edDAR terrestre de distintos tratamientos de mejora en masas repobladas de Pinus pinaster (Proyecto Fortress)<\/a>\n\t\t\t\t\t<\/div>\n\t\t\t\t\t<div id=\"elementor-tab-content-1218\" class=\"elementor-tab-content elementor-clearfix\" data-tab=\"8\" role=\"region\" aria-labelledby=\"elementor-tab-title-1218\"><p>El cambio global amenaza la persistencia de las masas forestales a nivel mundial, siendo especialmente vulnerables las masas mediterr\u00e1neas procedentes de repoblaciones. La selvicultura es la herramienta fundamental para la adaptaci\u00f3n de estas nuevas y homog\u00e9neas masas a las nuevas condiciones ambientales, mejorando su estabilidad y asegurando la provisi\u00f3n de servicios ecosist\u00e9micos. Con este trabajo se har\u00e1 un levantamiento 3D de parcelas con un dispositivo L\u00edDAR terrestre Faro Focus x130 sometidas a distintos tratamientos de mejora realizados hace 7 a\u00f1os en J\u00f3car, Guadalajara. El objetivo ser\u00e1 caracterizar variaciones en la estructura del dosel y el sotobosque que permita interpretar grados de diversidad estructural.<\/p><p>Fechas: el muestreo se realizar\u00e1 el pr\u00f3ximo junio del 2024, aunque el an\u00e1lisis de datos y preparaci\u00f3n del trabajo se realizar\u00e1 durante el pr\u00f3ximo curso 2024-2025.<\/p><p>Requisitos: muy recomendable tener experiencia con R o motivaci\u00f3n para aprender y tener carnet de conducir.<\/p><p>Las personas interesadas deben contactar con la profesora Sonia Roig sonia.roig@upm.es<\/p><\/div>\n\t\t\t\t<\/div>\n\t\t\t\t\t\t\t<div class=\"elementor-accordion-item\">\n\t\t\t\t\t<div id=\"elementor-tab-title-1219\" class=\"elementor-tab-title\" data-tab=\"9\" role=\"button\" aria-controls=\"elementor-tab-content-1219\" aria-expanded=\"false\">\n\t\t\t\t\t\t\t\t\t\t\t\t\t<span class=\"elementor-accordion-icon elementor-accordion-icon-left\" aria-hidden=\"true\">\n\t\t\t\t\t\t\t\t\t\t\t\t\t\t\t<span class=\"elementor-accordion-icon-closed\"><i class=\"fas fa-plus\"><\/i><\/span>\n\t\t\t\t\t\t\t\t<span class=\"elementor-accordion-icon-opened\"><i class=\"fas fa-minus\"><\/i><\/span>\n\t\t\t\t\t\t\t\t\t\t\t\t\t\t<\/span>\n\t\t\t\t\t\t\t\t\t\t\t\t<a class=\"elementor-accordion-title\" tabindex=\"0\">Efecto de los tratamientos selv\u00edcolas en la biodiversidad micol\u00f3gica de pinares maduros de repoblaci\u00f3n  (Proyecto Fortress)<\/a>\n\t\t\t\t\t<\/div>\n\t\t\t\t\t<div id=\"elementor-tab-content-1219\" class=\"elementor-tab-content elementor-clearfix\" data-tab=\"9\" role=\"region\" aria-labelledby=\"elementor-tab-title-1219\"><p>El objetivo principal es estudiar la respuesta de las comunidades de hongos del suelo a los tratamientos selvicolas de Claras y cortas a hecho por Bosquetes en pinares maduros de repoblacion de la sierra norte de Guadalajara.<\/p><p>Queremos: 1) describir las comunidades de hongos del suelo del bosque; 2) Contrastar la diversidad de setas con la diversidad fungica de material gen\u00f3mico del substrato suelo; 3) evaluar y entender el efecto de diferentes tratamientos selv\u00edcolas sobre dichas comunidades.<\/p><p>Las personas interesadas deben contactar con el profesor Jos\u00e9 Alfonso Dom\u00ednguez josealfonso.dominguez@upm.es<\/p><\/div>\n\t\t\t\t<\/div>\n\t\t\t\t\t\t\t\t<\/div>\n\t\t\t\t<\/div>\n\t\t\t\t<\/div>\n\t\t\t\t\t<\/div>\n\t\t<\/div>\n\t\t\t\t\t<\/div>\n\t\t<\/section>\n\t\t\t\t<\/div>\n\t\t","protected":false},"excerpt":{"rendered":"<p>Ofertas de Trabajos Fin de Titulaci\u00f3n An\u00e1lisis de los riesgos asociados al Cambio Clim\u00e1tico en la E.T.S.I. de Montes, Forestal y del Medio Natural Contacto:AGUSTIN RUBIO S\u00c1NCHEZ- agustin.rubio@upm.es Cuantificaci\u00f3n de la Huella de Carbono de las actividades de investigaci\u00f3n en el Monte de Arbancones (Guadalajara) Contacto:AGUSTIN RUBIO S\u00c1NCHEZ- agustin.rubio@upm.es Estudio de los Stocks de Carbono [&hellip;]<\/p>\n","protected":false},"author":6,"featured_media":0,"parent":5741,"menu_order":0,"comment_status":"closed","ping_status":"closed","template":"","meta":{"_monsterinsights_skip_tracking":false,"_monsterinsights_sitenote_active":false,"_monsterinsights_sitenote_note":"","_monsterinsights_sitenote_category":0,"_uf_show_specific_survey":0,"_uf_disable_surveys":false,"footnotes":""},"class_list":["post-10010","page","type-page","status-publish","hentry"],"aioseo_notices":[],"_links":{"self":[{"href":"https:\/\/web.montes.upm.es\/index.php?rest_route=\/wp\/v2\/pages\/10010","targetHints":{"allow":["GET"]}}],"collection":[{"href":"https:\/\/web.montes.upm.es\/index.php?rest_route=\/wp\/v2\/pages"}],"about":[{"href":"https:\/\/web.montes.upm.es\/index.php?rest_route=\/wp\/v2\/types\/page"}],"author":[{"embeddable":true,"href":"https:\/\/web.montes.upm.es\/index.php?rest_route=\/wp\/v2\/users\/6"}],"replies":[{"embeddable":true,"href":"https:\/\/web.montes.upm.es\/index.php?rest_route=%2Fwp%2Fv2%2Fcomments&post=10010"}],"version-history":[{"count":47,"href":"https:\/\/web.montes.upm.es\/index.php?rest_route=\/wp\/v2\/pages\/10010\/revisions"}],"predecessor-version":[{"id":12438,"href":"https:\/\/web.montes.upm.es\/index.php?rest_route=\/wp\/v2\/pages\/10010\/revisions\/12438"}],"up":[{"embeddable":true,"href":"https:\/\/web.montes.upm.es\/index.php?rest_route=\/wp\/v2\/pages\/5741"}],"wp:attachment":[{"href":"https:\/\/web.montes.upm.es\/index.php?rest_route=%2Fwp%2Fv2%2Fmedia&parent=10010"}],"curies":[{"name":"wp","href":"https:\/\/api.w.org\/{rel}","templated":true}]}}